s 61 divide 11468?
True
Does 9 divide 1082?
False
Is 12 a factor of 80448?
True
Is 11998 a multiple of 48?
False
Does 56 divide 696?
False
Is 16 a factor of 11450?
False
Is 1184 a multiple of 3?
False
Is 3620 a multiple of 7?
False
Is 277 even?
False
Is 2086 even?
True
Is 11 a factor of 3652?
True
Is 27003 a multiple of 145?
False
Is 1239 a multiple of 21?
True
Is 11 a factor of 979?
True
Does 59 divide 121?
False
Is 1626 a multiple of 6?
True
Is 53101 a multiple of 39?
False
Does 15 divide 4335?
True
Is 7379 a multiple of 199?
False
Does 13 divide 357?
False
Is 19519 a multiple of 8?
False
Is 4 a factor of 128?
True
Does 137 divide 3075?
False
Does 24 divide 16148?
False
Is 77 a factor of 6468?
True
Is 37417 a multiple of 19?
False
Is 16 a factor of 960?
True
Does 4 divide 688?
True
Does 36 divide 12175?
False
Does 18 divide 1062?
True
Is 88 a factor of 3087?
False
Is 14 a factor of 392?
True
Is 112 a factor of 22042?
False
Is 1059 a multiple of 14?
False
Is 111186 a multiple of 18?
True
Is 22 a factor of 8184?
True
Does 7 divide 11429?
False
Does 112 divide 4256?
True
Is 50 a factor of 1424?
False
Does 10 divide 16720?
True
Is 544 a multiple of 32?
True
Does 24 divide 397?
False
Is 2386 a multiple of 4?
False
Is 21 a factor of 6081?
False
Is 3 a factor of 897?
True
Is 5 a factor of 755?
True
Does 37 divide 1813?
True
Is 8 a factor of 1015?
False
Does 28 divide 2296?
True
Does 10 divide 110?
True
Is 2158 a multiple of 31?
False
Is 5134 a multiple of 66?
False
Is 21451 a multiple of 45?
False
Is 108 a factor of 2387?
False
Is 10 a factor of 1142?
False
Is 166 a factor of 24203?
False
Does 10 divide 3200?
True
Is 35 a factor of 38885?
True
Is 68 a factor of 8549?
False
Is 16170 a multiple of 105?
True
Does 9 divide 2508?
False
Is 33 a factor of 627?
True
Is 517 a multiple of 27?
False
Is 220 a factor of 92431?
False
Is 1876 a multiple of 44?
False
Is 11346 a multiple of 183?
True
Is 1400 a multiple of 280?
True
Is 120 a factor of 2160?
True
Is 39 a factor of 2508?
False
Is 5698 a multiple of 74?
True
Is 1172 a multiple of 26?
False
Does 94 divide 2068?
True
Is 31 a factor of 2046?
True
Is 16 a factor of 125808?
True
Is 150317 a multiple of 191?
True
Is 51960 a multiple of 187?
False
Is 73200 a multiple of 50?
True
Is 9 a factor of 190?
False
Is 1650 a multiple of 33?
True
Is 16 a factor of 385?
False
Does 35 divide 210?
True
Is 5 a factor of 437?
False
Is 197 a factor of 61070?
True
Is 1870 a multiple of 5?
True
Is 6 a factor of 27602?
False
Does 14 divide 266?
True
Does 121 divide 1508?
False
Does 43 divide 46702?
False
Is 19 a factor of 6916?
True
Does 26 divide 35166?
False
Is 83 a factor of 20844?
False
Does 46 divide 6128?
False
Does 3 divide 45880?
False
Is 86220 a multiple of 60?
True
Does 56 divide 10690?
False
Is 12 a factor of 32989?
False
Is 13 a factor of 3061?
False
Is 2587 a multiple of 29?
False
Does 65 divide 6766?
False
Is 10 a factor of 178?
False
Does 100 divide 2300?
True
Is 16 a factor of 63168?
True
Is 23 a factor of 330?
False
Is 2958 a multiple of 48?
False
Does 9 divide 3161?
False
Is 54 a factor of 12528?
True
Does 21 divide 7119?
True
Does 49 divide 32429?
False
Does 85 divide 1615?
True
Does 29 divide 410?
False
Does 60 divide 23400?
True
Is 25 a factor of 2053?
False
Is 16184 a multiple of 7?
True
Is 336 a multiple of 2?
True
Is 5051 a multiple of 5?
False
Does 86 divide 12361?
False
Is 91 a factor of 286?
False
Is 45 a factor of 598?
False
Does 13 divide 9832?
False
Does 12 divide 576?
True
Is 48786 a multiple of 66?
False
Is 31206 a multiple of 6?
True
Is 7 a factor of 242?
False
Does 115 divide 1840?
True
Does 153 divide 14528?
False
Is 6185 a multiple of 14?
False
Is 1104 a multiple of 58?
False
Is 10 a factor of 734?
False
Is 14204 a multiple of 212?
True
Is 78 a multiple of 7?
False
Is 19 a factor of 51585?
True
Is 59422 a multiple of 58?
False
Is 24 a multiple of 6?
True
Does 22 divide 216?
False
Is 10 a factor of 578?
False
Is 38 a factor of 1993?
False
Is 9 a factor of 8334?
True
Is 36 a multiple of 4?
True
Does 106 divide 11236?
True
Is 9 a factor of 71441?
False
Is 88 a multiple of 22?
True
Is 418 even?
True
Is 38 a factor of 266?
True
Is 41 a factor of 508?
False
Is 23946 a multiple of 17?
False
Is 13 a factor of 1508?
True
Is 4 a factor of 2224?
True
Is 82 a factor of 10441?
False
Is 7 a factor of 495?
False
Is 80 a factor of 6260?
False
Is 6518 a multiple of 23?
False
Is 47 a factor of 987?
True
Does 55 divide 1239?
False
Does 29 divide 4151?
False
Is 10 a factor of 1620?
True
Is 4 a factor of 1051?
False
Does 10 divide 32574?
False
Does 24 divide 12408?
True
Does 27 divide 2511?
True
Does 20 divide 6560?
True
Is 62890 a multiple of 50?
False
Does 51 divide 2601?
True
Does 17 divide 6868?
True
Is 7215 a multiple of 15?
True
Is 13 a factor of 81065?
False
Is 45 a factor of 2700?
True
Is 15 a factor of 825?
True
Is 142 a multiple of 71?
True
Is 70 a factor of 560?
True
Does 13 divide 24491?
False
Does 8 divide 40?
True
Is 765 a multiple of 15?
True
Is 609 a multiple of 23?
False
Does 21 divide 45721?
False
Is 15644 a multiple of 15?
False
Is 171 a factor of 69016?
False
Is 2343 a multiple of 71?
True
Does 41 divide 714?
False
Does 48 divide 12477?
False
Does 13 divide 637?
True
Is 4666 a multiple of 21?
False
Is 1711 a multiple of 99?
False
Is 14902 a multiple of 9?
False
Does 5 divide 265?
True
Does 8 divide 16564?
False
Is 474 a multiple of 8?
False
Is 20 a factor of 200?
True
Is 3256 a multiple of 37?
True
Is 8 a factor of 22258?
False
Is 2700 a multiple of 45?
True
Is 41 a factor of 11480?
True
Does 163 divide 7223?
False
Is 985 a multiple of 11?
False
Does 54 divide 20844?
True
Is 17 a factor of 11191?
False
Is 9 a factor of 2394?
True
Is 97 a factor of 15908?
True
Does 52 divide 24284?
True
Does 36 divide 1786?
False
Does 31 divide 824?
False
Does 11 divide 2378?
False
Is 196 a multiple of 28?
True
Is 5 a factor of 3060?
True
Is 6 a factor of 4585?
False
Is 6 a factor of 468?
True
Is 24 a factor of 31647?
False
Is 10569 a multiple of 121?
False
Is 300 a multiple of 20?
True
Is 742 a multiple of 24?
False
Is 54 a factor of 1189?
False
Is 47 a factor of 470?
True
Does 23 divide 1978?
True
Does 11 divide 5676?
True
Does 10 divide 11690?
True
Does 34 divide 306?
True
Is 6 a factor of 336?
True
Is 3243 a multiple of 43?
False
Is 5 a factor of 111?
False
Is 13612 a multiple of 11?
False
Is 32 a factor of 43011?
False
Does 37 divide 67?
False
Does 2 divide 1776?
True
Is 26 a factor of 2216?
False
Is 114 a factor of 18126?
True
Is 22 a factor of 1320?
True
Is 103720 a multiple of 40?
True
Is 13364 a multiple of 10?
False
Does 13 divide 97318?
True
Is 8 a factor of 176?
True
Is 36 a factor of 374?
False
Is 11 a factor of 2906?
False
Does 37 divide 494?
False
Is 187 a multiple of 20?
False
Does 86 divide 14044?
False
Is 2400 a multiple of 15?
True
Does 20 divide 3882?
False
Is 8241 a multiple of 10?
False
Does 34 divide 25754?
False
Is 31320 a multiple of 66?
False
Does 2 divide 10?
True
Is 7 a factor of 1415?
False
Is 6840 a multiple of 30?
True
Does 36 divide 111996?
True
Is 192 a multiple of 3?
True
Does 13 divide 16188?
False
Is 8231 a multiple of 63?
False
Does 91 divide 9124?
False
Does 11 divide 99?
True
Does 147 divide 147?
True
Does 44 divide 7648?
False
Is 52 a factor of 1248?
True
Is 169 a multiple of 8?
False
Does 114 divide 1482?
True
Is 288 a multiple of 32?
True
Is 4070 a multiple of 10?
True
Does 16 divide 2176?
True
Is 6 a factor of 3714?
True
Does 17 divide 1445?
True
Does 34 divide 1571?
False
Does 50 divide 7250?
True
Does 27 divide 459?
True
Is 3000 a multiple of 120?
True
Does 13 divide 19110?
True
Does 24 divide 720?
True
Is 17 a factor of 4827?
False
Does 4 divide 1616?
True
Is 94 a factor of 1722?
False
Does 2 divide 1167?
False
Is 4 a factor of 8?
True
Is 150 a factor of 2712?
False
Does 19 divide 237?
False
Is 56 a factor of 12040?
True
Is 14 a factor of 691?
False
Is 116 a factor of 1931?
False
Is 5 a factor of 3035?
True
Does 114 divide 112176?
True
Is 55 a factor of 2582?
False
Does 66 divide 762?
False
Is 37 a factor of 407?
True
Does 69 divide 2037?
False
Does 15 divide 1260?
True
Does 9 divide 936?
True
Is 2 a factor of 8968?
True
Is 46 a factor of 7360?
True
Does 213 di